4 is divided by 9?
8
Calculate the remainder when 1906 is divided by 611.
73
What is the remainder when 8035 is divided by 19?
17
Calculate the remainder when 163 is divided by 56.
51
Calculate the remainder when 86 is divided by 33.
20
Calculate the remainder when 78 is divided by 24.
6
What is the remainder when 566 is divided by 27?
26
What is the remainder when 282 is divided by 58?
50
What is the remainder when 242 is divided by 64?
50
Calculate the remainder when 43 is divided by 16.
11
What is the remainder when 239 is divided by 76?
11
What is the remainder when 17471 is divided by 192?
191
Calculate the remainder when 940 is divided by 15.
10
Calculate the remainder when 2750 is divided by 540.
50
What is the remainder when 344 is divided by 43?
0
Calculate the remainder when 3051 is divided by 13.
9
What is the remainder when 3350 is divided by 4?
2
What is the remainder when 236 is divided by 81?
74
What is the remainder when 317 is divided by 42?
23
What is the remainder when 2685 is divided by 75?
60
Calculate the remainder when 1331 is divided by 332.
3
What is the remainder when 155 is divided by 84?
71
Calculate the remainder when 293 is divided by 5.
3
Calculate the remainder when 532 is divided by 107.
104
Calculate the remainder when 159 is divided by 11.
5
What is the remainder when 96 is divided by 2?
0
What is the remainder when 172 is divided by 29?
27
Calculate the remainder when 410 is divided by 187.
36
What is the remainder when 644 is divided by 26?
20
Calculate the remainder when 971 is divided by 195.
191
Calculate the remainder when 16 is divided by 9.
7
Calculate the remainder when 734 is divided by 82.
78
Calculate the remainder when 467 is divided by 48.
35
What is the remainder when 13157 is divided by 6?
5
Calculate the remainder when 796 is divided by 17.
14
What is the remainder when 571 is divided by 560?
11
Calculate the remainder when 164 is divided by 54.
2
Calculate the remainder when 1080 is divided by 19.
16
Calculate the remainder when 1406 is divided by 10.
6
What is the remainder when 147 is divided by 34?
11
Calculate the remainder when 706 is divided by 51.
43
Calculate the remainder when 398 is divided by 101.
95
What is the remainder when 908 is divided by 15?
8
Calculate the remainder when 349 is divided by 14.
13
Calculate the remainder when 17231 is divided by 45.
41
Calculate the remainder when 140 is divided by 78.
62
What is the remainder when 70 is divided by 24?
22
What is the remainder when 3522 is divided by 160?
2
What is the remainder when 233 is divided by 30?
23
What is the remainder when 736 is divided by 12?
4
Calculate the remainder when 204 is divided by 190.
14
Calculate the remainder when 1400 is divided by 156.
152
Calculate the remainder when 1356 is divided by 626.
104
What is the remainder when 646 is divided by 124?
26
Calculate the remainder when 123 is divided by 21.
18
Calculate the remainder when 5173 is divided by 115.
113
What is the remainder when 671 is divided by 331?
9
Calculate the remainder when 345 is divided by 327.
18
Calculate the remainder when 319 is divided by 109.
101
Calculate the remainder when 25 is divided by 12.
1
What is the remainder when 1577 is divided by 92?
13
Calculate the remainder when 14715 is divided by 92.
87
Calculate the remainder when 145 is divided by 49.
47
What is the remainder when 777 is divided by 20?
17
Calculate the remainder when 13336 is divided by 46.
42
Calculate the remainder when 4983 is divided by 7.
6
Calculate the remainder when 298 is divided by 137.
24
Calculate the remainder when 184 is divided by 60.
4
Calculate the remainder when 129 is divided by 33.
30
What is the remainder when 369 is divided by 77?
61
What is the remainder when 1171 is divided by 484?
203
Calculate the remainder when 503 is divided by 4.
3
What is the remainder when 72 is divided by 36?
0
What is the remainder when 534 is divided by 4?
2
What is the remainder when 58 is divided by 23?
12
What is the remainder when 2980 is divided by 14?
12
What is the remainder when 178 is divided by 26?
22
Calculate the remainder when 7580 is divided by 14.
6
What is the remainder when 283 is divided by 41?
37
Calculate the remainder when 55 is divided by 21.
13
What is the remainder when 509 is divided by 32?
29
Calculate the remainder when 2804 is divided by 2.
0
What is the remainder when 829 is divided by 64?
61
Calculate the remainder when 121 is divided by 25.
21
Calculate the remainder when 751 is divided by 8.
7
Calculate the remainder when 626 is divided by 21.
17
Calculate the remainder when 25 is divided by 24.
1
What is the remainder when 113 is divided by 17?
11
What is the remainder when 2968 is divided by 34?
10
Calculate the remainder when 476 is divided by 93.
11
What is the remainder when 892 is divided by 23?
18
What is the remainder when 209 is divided by 15?
14
What is the remainder when 282 is divided by 19?
16
What is the remainder when 693 is divided by 27?
18
What is the remainder when 690 is divided by 7?
4
What is the remainder when 7890 is divided by 85?
70
Calculate the remainder when 168 is divided by 45.
33
What is the remainder when 103 is divided by 11?
4
Calculate the remainder when 685 is divided by 10.
5
Calculate the remainder when 9858 is divided by 68.
66
What is the remainder when 44 is divided by 21?
2
What is the remainder when 476 is divided by 16?
12
What is the remainder when 305 is divided by 88?
41
Calculate the remainder when 8 is divided by 3.
2
What is the remainder when 9749 is divided by 53?
50
What is the remainder when 53 is divided by 20?
13
What is the remainder when 1007 is divided by 4?
3
What is the remainder when 1309 is divided by 271?
225
Calculate the remainder when 1905 is divided by 53.
50
Calculate the remainder when 29 is divided by 8.
5
Calculate the remainder when 810 is divided by 34.
28
What is the remainder when 5730 is divided by 1425?
30
Calculate the remainder when 574 is divided by 281.
12
What is the remainder when 123 is divided by 34?
21
What is the remainder when 85 is divided by 27?
4
Calculate the remainder when 3337 is divided by 65.
22
Calculate the remainder when 1170 is divided by 24.
18
What is the remainder when 195 is divided by 81?
33
Calculate the remainder when 3142 is divided by 1045.
7
Calculate the remainder when 6541 is divided by 2177.
10
What is the remainder when 114 is divided by 26?
10
Calculate the remainder when 68 is divided by 10.
8
What is the remainder when 2389 is divided by 109?
100
Calculate the remainder when 118 is divided by 54.
10
Calculate the remainder when 106 is divided by 44.
18
What is the remainder when 283 is divided by 75?
58
Calculate the remainder when 424 is divided by 54.
46
What is the remainder when 615 is divided by 67?
12
Calculate the remainder when 6383 is divided by 19.
18
What is the remainder when 736 is divided by 82?
80
Calculate the remainder when 197 is divided by 34.
27
Calculate the remainder when 125 is divided by 2.
1
What is the remainder when 1992 is divided by 1985?
7
Calculate the remainder when 42 is divided by 35.
7
What is the remainder when 19900 is divided by 93?
91
Calculate the remainder when 29040 is divided by 26.
24
What is the remainder when 1187 is divided by 119?
116
What is the remainder when 56 is divided by 31?
25
What is the remainder when 8853 is divided by 216?
213
What is the remainder when 106 is divided by 58?
48
Calculate the remainder when 5 is divided by 4.
1
Calculate the remainder when 5905 is divided by 28.
25
What is the remainder when 16881 is divided by 28?
25
What is the remainder when 614 is divided by 73?
30
What is the remainder when 237 is divided by 86?
65
What is the remainder when 143 is divided by 25?
18
What is the remainder when 618 is divided by 69?
66
What is the remainder when 824 is divided by 270?
14
Calculate the remainder when 490 is divided by 164.
162
Calculate the remainder when 467 is divided by 78.
77
What is the remainder when 1922 is divided by 25?
22
What is the remainder when 453 is divided by 11?
2
What is the remainder when 268 is divided by 17?
13
Calculate the remainder when 97 is divided by 19.
2
What is the remainder when 1620 is divided b